 - 10. Let h be s(c). Calculate the greatest common divisor of h and g.
10
Let c(y) be the second derivative of -y**4/12 - 11*y**3/3 - 7*y**2 - 4*y. Let j be c(-14). What is the highest common factor of j and 14?
14
Suppose 6*z = 11*z - 140. Let b(w) = -w**3 + 11*w**2 + w + 3. Let n be b(11). Let x = n + -10. What is the greatest common factor of z and x?
4
Let c be -122*((-350)/28 + 5). Calculate the greatest common factor of c and 45.
15
Let r(w) = 130*w - 834. Let t be r(7). Let d be (0 - -1)/(1/19). What is the greatest common factor of d and t?
19
Let m = 6 - -4. Suppose -l - o = 3, 3 = 3*o + 12. Suppose -4*h + 55 + 25 = l. Calculate the highest common factor of h and m.
10
Suppose 0 = 2*c - 4*f - 41 - 15, 3*f - 120 = -3*c. Suppose -c*x + 910 = -31*x. What is the highest common factor of x and 14?
14
Suppose h = 3*z - 18, -4*h + 17 - 4 = 5*z. Let b be 3/h - (8 - 14). What is the greatest common factor of 45 and b?
5
Suppose 4*a - 211 = -2*j + j, 2*a - 123 = 3*j. Let u = -379 - -385. Calculate the highest common divisor of u and a.
6
Let g = 374 + -364. What is the highest common divisor of 2050 and g?
10
Suppose -g + 5 = 0, 9*g - 228 = -3*y + 6*g. What is the greatest common divisor of y and 1775?
71
Let d be 4 + (-200)/14 + 4/14. Let p be -1 + d/(-8) - (-350)/40. Let a = -14 - -23. What is the highest common factor of p and a?
9
Let g = -1 + 15. Let q = -1763 + 1812. Calculate the greatest common divisor of g and q.
7
Let p be -100*(-9)/27*(-9)/(-2). Calculate the greatest common divisor of 60 and p.
30
Let y(a) = 18*a**2 - a - 2. Let j be y(-1). Suppose -j + 49 = 2*n. Calculate the highest common factor of n and 4.
4
Suppose 32 = -5*z + z. Let w = -3 - z. Calculate the greatest common factor of w and 10.
5
Let p be (4 - (-143)/(-44))/((-2)/(-224)). What is the highest common factor of 112 and p?
28
Suppose -4*z = 162 - 186. Let g = -11 + 20. Calculate the greatest common factor of z and g.
3
Suppose 5*x + 2*x - 168 = 0. Suppose x + 18 = 3*a. What is the highest common divisor of a and 126?
14
Let i be 2/6*(4 + 218). Let r be 3 - 1/((-1)/i). Suppose -254 = -17*d - 67. What is the highest common factor of d and r?
11
Let c(g) = -g**2 + 5*g + 16. Let o(r) = -4*r + 25. Let z be o(5). Let j be c(z). What is the greatest common divisor of j and 56?
8
Let q = 19 + -10. Suppose 0 = -19*v + 37 + 58. Suppose v*g = 2*g + q. What is the highest common divisor of g and 27?
3
Let j(s) = -5*s + 7. Let u = 13 + -17. Let w be j(u). Calculate the highest common factor of w and 9.
9
Let l = -513 + 518. Let y = 2 - -1. Let k = y + 2. Calculate the highest common factor of k and l.
5
Let w = 39 + -34. Let j be 0/(-4) + (w - -6). Let r = -4 + 5. What is the greatest common divisor of r and j?
1
Let s be 60925/175 + (-2)/14. What is the highest common divisor of 24 and s?
12
Suppose -461*x + 457*x = -16. Let n(p) = -4*p - 6. Let z be n(-4). Calculate the greatest common factor of z and x.
2
Let y(m) = 5*m**2 + 2*m + 1. Let s be y(-1). Suppose -s*k - 16 = -64. Suppose -20*c + k = -16*c. Calculate the greatest common divisor of 3 and c.
3
Suppose p + 9 = x - 9, p + 50 = 3*x. What is the greatest common factor of x and 400?
16
Let l(f) = -f + 2. Let h = 10 + -15. Let a be (-2 + 1)*(7 - h). Let y be l(a). Calculate the highest common factor of 2 and y.
2
Suppose 6*o = 92 + 16. Let v be o/99 - 273/(-11). Calculate the highest common divisor of 50 and v.
25
Let i be 4/1*35/7. Calculate the greatest common divisor of 5 and i.
5
Let n be (-117)/(-78) + 46/4. Calculate the greatest common factor of 416 and n.
13
Suppose 0*n + 4*n - 60 = 0. Let i = n - 9. Suppose 0 = -y + 11 + i. What is the greatest common factor of y and 187?
17
Let m(u) be the second derivative of -u**3/6 - u**2 + 2*u. Let j be m(-7). Let q = -30 - -35. Calculate the highest common factor of j and q.
5
Let t be -92*((-69)/(-12) + -6). Calculate the greatest common factor of t and 207.
23
Let v = -2 + -71. Let h = v + 96. What is the highest common factor of 92 and h?
23
Let m = -114 + 66. Let p(y) = 3*y**2 - 10*y - 13. Let h be p(8). Let k = m + h. Calculate the highest common factor of 17 and k.
17
Suppose 9 = l - 5*i - 33, 0 = -5*l + 3*i + 144. Calculate the greatest common factor of l and 279.
9
Suppose -d = 3*s - 16 - 60, 4*s = -5*d + 435. What is the greatest common divisor of 26 and d?
13
Suppose -5*y = 4*c - 970, 3*c - 6 - 9 = 0. Calculate the greatest common factor of 76 and y.
38
Let z = -335 + 355. What is the highest common factor of 100 and z?
20
Suppose 0 = -0*h + 2*h - 8. Suppose 2*m - m + h = s, -4*s + 10 = -2*m. Let d be 1*s/(4/140). What is the greatest common factor of 14 and d?
7
Let z(f) = -f**3 + 6*f**2 - 2*f - 2. Let r be z(5). Let b be 3*(-4)/(-36)*18. Let i = 71 - b. Calculate the greatest common divisor of i and r.
13
Suppose 7*j - 2*v - 104 = 3*j, -3*j - 4*v = -89. Calculate the highest common divisor of 657 and j.
9
Suppose -3*h + 13 = -20. Suppose 3*q - 4*f = 201 + 63, 5*q = 2*f + 440. Calculate the highest common divisor of q and h.
11
Let y(r) = -7*r - 1. Let i(w) = -w**3 + w - 2. Let s be i(0). Let q be y(s). What is the highest common factor of q and 143?
13
Let w = 290 - 4. Suppose -6*f + w - 46 = 0. What is the greatest common divisor of 10 and f?
10
Suppose -5 = 5*m, 5*c - 5*m - 1 = -21. Let b(k) = -9 + 12 + 14*k - 2 - 18*k. Let g be b(c). Calculate the highest common factor of 7 and g.
7
Let d = 9 + -7. Suppose 5*r - 266 = -d*c, 4*c - 5*r = -1 + 503. Let x be (-114)/(-7) - (-2)/(-7). Calculate the greatest common divisor of x and c.
16
Let u be -3*(40/(-6) - 2). Suppose u - 66 = -5*x. Suppose -n + x = 2. What is the greatest common divisor of n and 6?
6
Suppose 0 = -3*s - 11 + 29. Suppose s*m + 128 = 14*m. Calculate the highest common factor of m and 16.
16
Let r = 1459 - 1387. Let l = -14 + 22. What is the highest common divisor of l and r?
8
Suppose -85 = -5*o + 3*q, 3 = -2*o + 3*q + 28. Suppose 4 = 3*n - 13*w + 8*w, 5*w - 28 = -n. What is the highest common divisor of n and o?
4
Let p = -4614 + 7878. What is the greatest common divisor of p and 34?
34
Let v(q) = q**3 + 22*q**2 - 73*q + 68. Let t be v(-25). Calculate the highest common factor of t and 972.
18
Suppose o - 4*a - 5 = -2, 5*a = -o + 30. Suppose o*t = 20*t - 240. What is the highest common factor of 6 and t?
6
Let d = -895 + 1252. What is the highest common divisor of 153 and d?
51
Let b(m) = -m + 8. Let g be b(0). Suppose 109*j + 14*j - 6511 = 7265. Calculate the highest common factor of g and j.
8
Let c be 0 - 1 - (-2 - 11). Let d = 10 - 5. Suppose 4*t = -d*r + 130, 0*r = -4*r - t + 115. Calculate the highest common divisor of r and c.
6
Suppose g - 5*b = 25, 2 = g - b - 3. Suppose g = -3*v + 6*v. Suppose -2*q + v*q + 20 = 4*a, -5*q + 35 = -5*a. Calculate the highest common factor of 32 and q.
8
Let x be 464/28 + -5 + (-9)/(-21). What is the greatest common divisor of x and 87?
3
Let x(a) = -a**3 - 7*a**2 + 2*a - 7. Let r be x(-9). What is the highest common factor of r and 1?
1
Let u(p) = -19*p - 37. Let j be u(-6). What is the greatest common divisor of j and 88?
11
Suppose 0 = -3*w + 108 + 153. Let z = w - 43. Calculate the greatest common factor of 4 and z.
4
Let q(v) = v**3 + v - 127*v**2 - 5 + 127*v**2 - 2*v**3. Suppose -2*n = -5*n - 12. Let o be q(n). What is the greatest common divisor of 5 and o?
5
Let w(j) = -j**3 + 2*j**2 - j + 36. Suppose 2*m = -m. Let r be w(m). Calculate the highest common divisor of r and 24.
12
Suppose -5*f - 10 = 4*r - 36, f + 5*r - 22 = 0. Suppose -j + 2*a + 38 = 13, 52 = f*j - 2*a. What is the greatest common divisor of j and 216?
27
Let c be (-132)/(-1)*(-50)/(-150). Calculate the highest common factor of c and 253.
11
Let r(k) = 3*k**2 + 15*k - 106. Let l be r(17). What is the highest common factor of 127 and l?
127
Let i(k) be the first derivative of k**4/4 + 8*k**3/3 - k**2/2 + 2*k - 13. Let m be i(-6). Calculate the highest common factor of m and 10.
10
Let v = 30 - 6. Suppose y - n - 34 = 0, -3*y + 114 = -0*y + 3*n. Calculate the greatest common factor of v and y.
12
Let m = 13 - 9. Suppose -34*h + 29*h = -220. Calculate the highest common divisor of m and h.
4
Let t(j) = j**3 - j**2 + j - 2. Let y be t(2). Suppose 0 = -p - y*n + 67, 141 = 3*p - 4*n + 